{"id":386,"date":"2017-02-28T20:41:02","date_gmt":"2017-02-28T19:41:02","guid":{"rendered":"http:\/\/softdata.home.pl\/softdata\/?page_id=386"},"modified":"2017-03-14T13:07:38","modified_gmt":"2017-03-14T12:07:38","slug":"emc-networker","status":"publish","type":"page","link":"http:\/\/softdata.pl\/index.php\/emc-networker\/","title":{"rendered":"EMC NetWorker"},"content":{"rendered":"<div id=\"pl-386\"  class=\"panel-layout\" ><div id=\"pg-386-0\"  class=\"panel-grid panel-has-style\" ><div style=\"padding: 20px 0; \" class=\"panel-row-style panel-row-style-for-386-0\" ><div id=\"pgc-386-0-0\"  class=\"panel-grid-cell panel-grid-cell-empty\" ><\/div><\/div><\/div><div id=\"pg-386-1\"  class=\"panel-grid panel-has-style\" ><div style=\"padding: 100px 0; \" class=\"panel-row-style panel-row-style-for-386-1\" ><div id=\"pgc-386-1-0\"  class=\"panel-grid-cell\" ><div id=\"panel-386-1-0-0\" class=\"so-panel widget widget_sow-editor panel-first-child panel-last-child\" data-index=\"0\" ><div\n\t\t\t\n\t\t\tclass=\"so-widget-sow-editor so-widget-sow-editor-base\"\n\t\t\t\n\t\t><h3 class=\"widget-title\">EMC NetWorker<\/h3>\n<div class=\"siteorigin-widget-tinymce textwidget\">\n\t<p><img decoding=\"async\" loading=\"lazy\" src=\"http:\/\/softdata.home.pl\/softdata\/wp-content\/uploads\/2017\/02\/networker-1.png\" alt=\"\" width=\"1004\" height=\"262\" class=\"aligncenter size-full wp-image-396\" srcset=\"http:\/\/softdata.home.pl\/softdata\/wp-content\/uploads\/2017\/02\/networker-1.png 1004w, http:\/\/softdata.home.pl\/softdata\/wp-content\/uploads\/2017\/02\/networker-1-300x78.png 300w, http:\/\/softdata.home.pl\/softdata\/wp-content\/uploads\/2017\/02\/networker-1-768x200.png 768w, http:\/\/softdata.home.pl\/softdata\/wp-content\/uploads\/2017\/02\/networker-1-480x125.png 480w, http:\/\/softdata.home.pl\/softdata\/wp-content\/uploads\/2017\/02\/networker-1-410x107.png 410w, http:\/\/softdata.home.pl\/softdata\/wp-content\/uploads\/2017\/02\/networker-1-100x26.png 100w, http:\/\/softdata.home.pl\/softdata\/wp-content\/uploads\/2017\/02\/networker-1-275x72.png 275w\" sizes=\"(max-width: 1004px) 100vw, 1004px\" \/><\/p>\n<p>Opracowane przez lidera w zakresie system\u00f3w ochrony informacji oprogramowanie EMC\u00ae NetWorker\u00ae umo\u017cliwia centralizacj\u0119, automatyzacj\u0119 i przyspieszenie proces\u00f3w tworzenia kopii zapasowych i odtwarzania danych w ca\u0142ym \u015brodowisku informatycznym. Ponadto dzi\u0119ki rekordowej wydajno\u015bci i elastyczno\u015bci umo\u017cliwia wykonywanie kopii najwa\u017cniejszych danych biznesowych w szybki, bezpieczny i \u0142atwy w zarz\u0105dzaniu spos\u00f3b.<\/p>\n<p>Podstawowe cele kt\u00f3re przy\u015bwieca\u0142y podczas tworzenia tego oprogramowania to:<\/p>\n<p>\u2022 uproszczone, scentralizowane oraz zautomatyzowane tworzenie kopii zapasowych i odtwarzanie heterogenicznych danych przedsi\u0119biorstwa;<\/p>\n<p>\u2022 lepsza dost\u0119pno\u015b\u0107 aplikacji dzi\u0119ki zintegrowanej, automatycznej i bezpo\u015bredniej ochronie powszechnie stosowanych aplikacji do obs\u0142ugi baz danych, poczty elektronicznej i zarz\u0105dzania tre\u015bci\u0105 oraz ERP;<\/p>\n<p>\u2022 kr\u00f3tsze przestoje, ni\u017csze koszty i wy\u017csza produktywno\u015b\u0107 dzi\u0119ki warstwowej ochronie i wielu opcjom odtwarzania danych;<\/p>\n<p>\u2022 \u0142atwa instalacja i \u0142atwe zarz\u0105dzanie za pomoc\u0105 scentralizowanego graficznego, internetowego interfejsu u\u017cytkownika;<\/p>\n<p>\u2022 bezpieczne zarz\u0105dzanie kopiami zapasowymi najwa\u017cniejszych danych za pomoc\u0105 zaawansowanych mechanizm\u00f3w uwierzytelniania i szyfrowania.<\/p>\n<p>&nbsp;<\/p>\n<p>EMC nieustannie rozwija podstawow\u0105 architektur\u0119 rozwi\u0105zania NetWorker, aby udoskonala\u0107 funkcje tworzenia kopii zapasowych i odtwarzania danych. Funkcje te upraszczaj\u0105 instalacj\u0119 aplikacji NetWorker oraz zarz\u0105dzanie ni\u0105, korzystnie wp\u0142ywaj\u0105c na wygod\u0119 jej u\u017cytkowania. Firma udoskonala i udost\u0119pnia nowe funkcje w ramach aplikacji NetWorker. Obecnie NetWorker zapewnia:<\/p>\n<p>\u2022 scentralizowane tworzenie kopii zapasowych i odtwarzanie danych w celu zapewnienia pe\u0142nej kontroli nad sieciami pami\u0119ci masowej (SAN), pami\u0119ci\u0105 masow\u0105 do\u0142\u0105czan\u0105 przez sie\u0107 (NAS) i pami\u0119ci\u0105 masow\u0105 pod\u0142\u0105czan\u0105 bezpo\u015brednio (DAS);<\/p>\n<p>\u2022 wykorzystanie technologii tworzenia kopii zapasowych i replikacji w celu zapewnienia wy\u017cszego poziomu ochrony i odtwarzania danych;<\/p>\n<p>\u2022 obs\u0142ug\u0119 platform heterogenicznych, w tym system\u00f3w UNIX, Windows, Linux, Netware, OpenVMS, Macintosh i VMware\u00ae;<\/p>\n<p>\u2022 bie\u017c\u0105ce tworzenie kopii zapasowych system\u00f3w plik\u00f3w i aplikacji w trybie online, w trakcie ich u\u017cywania;<\/p>\n<p>\u2022 obs\u0142ug\u0119 rozwi\u0105za\u0144 EMC Documentum\u00ae, Oracle, Microsoft SQL Server i Exchange, IBM DB2 UDB, Informix, Lotus Notes\/Domino, SAP\u00ae R\/3\u00ae, Sybase i MEDITECH;<\/p>\n<p>\u2022 intuicyjny, \u0142atwy w dostosowaniu i zarz\u0105dzaniu interfejs u\u017cytkownika oparty na przegl\u0105darce;<\/p>\n<p>\u2022 niezr\u00f3wnane parametry w zakresie szybko\u015bci i bezpiecze\u0144stwa;<\/p>\n<p>\u2022 najnowocze\u015bniejsze mechanizmy szyfrowania kopii zapasowych (256-bitowy standard AES) oraz zaawansowanego uwierzytelniania u\u017cytkownik\u00f3w, kt\u00f3re gwarantuj\u0105 spe\u0142nienie rosn\u0105cych wymaga\u0144 dotycz\u0105cych bezpiecze\u0144stwa;<\/p>\n<p>\u2022 zaawansowane funkcje tworzenia kopii zapasowych na dyskach, obejmuj\u0105ce wsp\u00f3\u0142bie\u017cne odtwarzanie danych (z dysku), udost\u0119pnianie dysk\u00f3w docelowych (rozwi\u0105zania NAS i SAN), mo\u017cliwo\u015bci konfigurowania ro\u017cnych rozmiar\u00f3w blok\u00f3w, a tak\u017ce zarz\u0105dzanie kopiami migawkowymi w celu znacznie szybszego odtwarzania danych;<\/p>\n<p>\u2022 obs\u0142ug\u0119 internacjonalizacji (I18N) i lokalizacji j\u0119zykowej w celu wydajniejszej pracy w r\u00f3\u017cnych j\u0119zykach;<\/p>\n<p>\u2022 scentralizowan\u0105 dystrybucj\u0119 oprogramowania, kt\u00f3ra pozwala na zdalne instalowanie poprawek i aktualizacji;<\/p>\n<p>\u2022 wi\u0119ksz\u0105 elastyczno\u015b\u0107 w zakresie wymaga\u0144 dotycz\u0105cych przechowywania danych wraz z obs\u0142ug\u0105 dowolnej liczby unikatowych kopii i regu\u0142 przechowywania danych;<\/p>\n<p>\u2022 funkcj\u0119 Inactive File Report, kt\u00f3ra identyfikuje nieaktywne pliki systemu Windows w kopiach zapasowych w celu ich archiwizacji;<\/p>\n<p>\u2022 udoskonalone funkcje raportowania, inteligentnej korelacji kopii zapasowych oraz analizy wp\u0142ywu, kt\u00f3re pozwalaj\u0105 na lepsze monitorowanie \u015brodowiska tworzenia kopii zapasowych, szybsze rozwi\u0105zywanie problem\u00f3w z kopiami zapasowymi i odtwarzaniem danych oraz skuteczniejsze unikanie problem\u00f3w w przysz\u0142o\u015bci.<\/p>\n<p><a href=\"https:\/\/poland.emc.com\/data-protection\/networker.htm\" target=\"_blank\">Wi\u0119cej informacji o EMC NetWorker<\/a><\/p>\n<\/div>\n<\/div><\/div><\/div><\/div><\/div><div id=\"pg-386-2\"  class=\"panel-grid panel-has-style\" ><div style=\"padding: 20px 0; \" class=\"panel-row-style panel-row-style-for-386-2\" ><div id=\"pgc-386-2-0\"  class=\"panel-grid-cell panel-grid-cell-empty\" ><\/div><\/div><\/div><\/div>","protected":false},"excerpt":{"rendered":"<p>Opracowane przez lidera w zakresie system\u00f3w ochrony informacji oprogramowanie EMC\u00ae NetWorker\u00ae umo\u017cliwia centralizacj\u0119, automatyzacj\u0119 i przyspieszenie proces\u00f3w tworzenia kopii zapasowych i odtwarzania danych w ca\u0142ym \u015brodowisku informatycznym. Ponadto dzi\u0119ki rekordowej wydajno\u015bci i elastyczno\u015bci umo\u017cliwia wykonywanie kopii najwa\u017cniejszych danych biznesowych w szybki, bezpieczny i \u0142atwy w zarz\u0105dzaniu spos\u00f3b. Podstawowe cele kt\u00f3re przy\u015bwieca\u0142y podczas tworzenia tego oprogramowania [&hellip;]<\/p>\n","protected":false},"author":1,"featured_media":0,"parent":0,"menu_order":0,"comment_status":"closed","ping_status":"closed","template":"page-templates\/page_front-page.php","meta":[],"_links":{"self":[{"href":"http:\/\/softdata.pl\/index.php\/wp-json\/wp\/v2\/pages\/386"}],"collection":[{"href":"http:\/\/softdata.pl\/index.php\/wp-json\/wp\/v2\/pages"}],"about":[{"href":"http:\/\/softdata.pl\/index.php\/wp-json\/wp\/v2\/types\/page"}],"author":[{"embeddable":true,"href":"http:\/\/softdata.pl\/index.php\/wp-json\/wp\/v2\/users\/1"}],"replies":[{"embeddable":true,"href":"http:\/\/softdata.pl\/index.php\/wp-json\/wp\/v2\/comments?post=386"}],"version-history":[{"count":3,"href":"http:\/\/softdata.pl\/index.php\/wp-json\/wp\/v2\/pages\/386\/revisions"}],"predecessor-version":[{"id":489,"href":"http:\/\/softdata.pl\/index.php\/wp-json\/wp\/v2\/pages\/386\/revisions\/489"}],"wp:attachment":[{"href":"http:\/\/softdata.pl\/index.php\/wp-json\/wp\/v2\/media?parent=386"}],"curies":[{"name":"wp","href":"https:\/\/api.w.org\/{rel}","templated":true}]}}